{"id":2,"date":"2010-11-29T14:57:56","date_gmt":"2010-11-29T14:57:56","guid":{"rendered":"http:\/\/spletin.net\/seminar\/?page_id=2"},"modified":"2011-10-09T14:31:52","modified_gmt":"2011-10-09T12:31:52","slug":"video-marketing-2011","status":"publish","type":"page","link":"http:\/\/spletin.net\/seminar\/video-marketing-2011\/","title":{"rendered":"Kratko o seminarju"},"content":{"rendered":"<p style=\"color: #cc0000;\">15.12.2010, Tehnopolis, Celje<\/p>\n<p><a style=\"text-decoration: underline;\" title=\"seminar video marketing\" href=\"http:\/\/spletin.net\/seminar\/vabilo-in-program\">Seminar Video marketing<\/a> 2011, ki je odkril skrivnosti spletnega video marketinga, torej kako lahko z va\u0161imi lastnimi video posnetki:<\/p>\n<ul>\n<li><strong>dose\u017eete<\/strong> prvo stran zadetkov iskanja Google in s tem <strong>ve\u010dji obisk va\u0161ih spletnih strani<\/strong><\/li>\n<li><strong>promovirate<\/strong> svojo lastno organizacijo\/<strong>podjetje<\/strong> ali druge<\/li>\n<li><strong>pove\u010date prodajo<\/strong> tudi tam, kjer drugo odpove<\/li>\n<li>pripravite <strong>video lekcije za e-te\u010daje<\/strong><\/li>\n<li>in postanete <strong>znan strokovnjak<\/strong><\/li>\n<\/ul>\n<p>je bil 15. decembra 2010 ob 10. uri v prostorih tehnolo\u0161kega parka <a style=\"text-decoration: underline;\" title=\"zemljevid - Tehnopolis Celje\" href=\"http:\/\/spletin.net\/seminar\/lokacija-tehnopolisa\">Tehnopolis<\/a> na Kidri\u010devi ulici v Celju. V Sloveniji je to prvi seminar o video marketingu v spletu.<\/p>\n<p>Preglejte brezpla\u010dne <em>promocijske video posnetke<\/em> prek povezav zgoraj ter <a style=\"text-decoration: underline;\" title=\"seminar video marketing\" href=\"http:\/\/spletin.net\/seminar\/\">preverite mo\u017enost nakupa cederoma seminarja<\/a>.<\/p>\n<p><!--p>Seveda pa velja zares ekstra obljubljen akademski popust za investicijo le 77 \u20ac v kotizacijo za seminar - ta vam bo omogo\u010dila brezpla\u010dni dostop do e-te\u010daja \"moj VIDEO prodaja\", ki je sicer na voljo na spletni strani <a href=\"http:\/\/www.mojvideoprodaja.com\" mce_href=\"http:\/\/www.mojvideoprodaja.com\" title=\"moj VIDEO prodaja\">www.mojvideoprodaja.com<\/a> (paket \"mini\" je na voljo za 177 \u20ac). \u010ce ste porabili letni prora\u010dun, se lahko dogovorimo tudi za poravnavo kotizacije januarja 2011.\n\nTrdim, da v tem trenutku v celotnem svetovnem spletu ni na voljo bolj ugodnega, obse\u017enej\u0161ega in prijaznega e-te\u010daja za pripravo video in drugih gradiv za tako malo investicijo. Spremljam ve\u010d kot 370 e-po\u0161tnih list, skupaj ve\u010d kot 1.000-1.500 sporo\u010dil dnevno in avtomatsko preglejujem veliko spletnih strani, torej stojim za tem, kar lahko zagotavljam.<\/p-->\n<p>&nbsp;<\/p>\n<p><img loading=\"lazy\" decoding=\"async\" src=\"http:\/\/spletin.net\/seminar\/wp-content\/uploads\/2010\/12\/sergej-rinc.jpg\" alt=\"\" title=\"Sergej Rinc\" width=\"86\" height=\"114\" class=\"alignleft size-full wp-image-172\" style=\"-moz-box-shadow: 0pt 2px 4px rgb(0, 0, 0);\" \/>Hvala, da ste pri\u0161li v Celje!<br \/>\nSergej Rinc<br \/>\nspletin.net d.o.o., direktor<br \/>\n031 44 60 66<br \/>\n<a style=\"text-decoration: underline;\" href=\"&#109;&#097;&#105;&#108;&#116;&#111;&#058;&#115;&#101;&#114;&#103;&#101;&#106;&#064;&#115;&#112;&#108;&#101;&#116;&#105;&#110;&#046;&#110;&#101;&#116;?&#083;&#117;&#098;&#106;&#101;&#099;&#116;=&#083;&#101;&#109;&#105;&#110;&#097;&#114;%&#050;&#048;&#086;&#105;&#100;&#101;&#111;%&#050;&#048;&#109;&#097;&#114;&#107;&#101;&#116;&#105;&#110;&#103;\">&#115;&#101;&#114;&#103;&#101;&#106;&#064;&#115;&#112;&#108;&#101;&#116;&#105;&#110;&#046;&#110;&#101;&#116;<\/a><\/p>\n<p>&nbsp;<\/p>\n","protected":false},"excerpt":{"rendered":"<p>15.12.2010, Tehnopolis, Celje Seminar Video marketing 2011, ki je odkril skrivnosti spletnega video marketinga, torej kako lahko z va\u0161imi lastnimi video posnetki: dose\u017eete prvo stran zadetkov iskanja Google in s tem ve\u010dji obisk va\u0161ih spletnih strani promovirate svojo lastno organizacijo\/podjetje ali druge pove\u010date prodajo tudi tam, kjer drugo odpove pripravite video lekcije za e-te\u010daje in [&hellip;]<\/p>\n","protected":false},"author":1,"featured_media":0,"parent":0,"menu_order":0,"comment_status":"open","ping_status":"open","template":"page-prelaunch-wide-header-sidebar.php","meta":{"site-sidebar-layout":"default","site-content-layout":"","ast-site-content-layout":"default","site-content-style":"default","site-sidebar-style":"default","ast-global-header-display":"","ast-banner-title-visibility":"","ast-main-header-display":"","ast-hfb-above-header-display":"","ast-hfb-below-header-display":"","ast-hfb-mobile-header-display":"","site-post-title":"","ast-breadcrumbs-content":"","ast-featured-img":"","footer-sml-layout":"","ast-disable-related-posts":"","theme-transparent-header-meta":"","adv-header-id-meta":"","stick-header-meta":"","header-above-stick-meta":"","header-main-stick-meta":"","header-below-stick-meta":"","astra-migrate-meta-layouts":"default","ast-page-background-enabled":"default","ast-page-background-meta":{"desktop":{"background-color":"var(--ast-global-color-4)","background-image":"","background-repeat":"repeat","background-position":"center center","background-size":"auto","background-attachment":"scroll","background-type":"","background-media":"","overlay-type":"","overlay-color":"","overlay-opacity":"","overlay-gradient":""},"tablet":{"background-color":"","background-image":"","background-repeat":"repeat","background-position":"center center","background-size":"auto","background-attachment":"scroll","background-type":"","background-media":"","overlay-type":"","overlay-color":"","overlay-opacity":"","overlay-gradient":""},"mobile":{"background-color":"","background-image":"","background-repeat":"repeat","background-position":"center center","background-size":"auto","background-attachment":"scroll","background-type":"","background-media":"","overlay-type":"","overlay-color":"","overlay-opacity":"","overlay-gradient":""}},"ast-content-background-meta":{"desktop":{"background-color":"var(--ast-global-color-5)","background-image":"","background-repeat":"repeat","background-position":"center center","background-size":"auto","background-attachment":"scroll","background-type":"","background-media":"","overlay-type":"","overlay-color":"","overlay-opacity":"","overlay-gradient":""},"tablet":{"background-color":"var(--ast-global-color-5)","background-image":"","background-repeat":"repeat","background-position":"center center","background-size":"auto","background-attachment":"scroll","background-type":"","background-media":"","overlay-type":"","overlay-color":"","overlay-opacity":"","overlay-gradient":""},"mobile":{"background-color":"var(--ast-global-color-5)","background-image":"","background-repeat":"repeat","background-position":"center center","background-size":"auto","background-attachment":"scroll","background-type":"","background-media":"","overlay-type":"","overlay-color":"","overlay-opacity":"","overlay-gradient":""}},"footnotes":""},"class_list":["post-2","page","type-page","status-publish","hentry"],"yoast_head":"<!-- This site is optimized with the Yoast SEO plugin v27.5 - https:\/\/yoast.com\/product\/yoast-seo-wordpress\/ -->\n<title>Kratko o seminarju |<\/title>\n<meta name=\"description\" content=\"Seminar Video marketing 2011 vam bo odkril skrivnosti optimizacije spletnih strani, njeno uporabo za video marketing in prakti\u010dne primere.\" \/>\n<meta name=\"robots\" content=\"index, follow, max-snippet:-1, max-image-preview:large, max-video-preview:-1\" \/>\n<link rel=\"canonical\" href=\"http:\/\/spletin.net\/seminar\/video-marketing-2011\/\" \/>\n<meta name=\"twitter:label1\" content=\"Est. reading time\" \/>\n\t<meta name=\"twitter:data1\" content=\"1 minuta\" \/>\n<script type=\"application\/ld+json\" class=\"yoast-schema-graph\">{\"@context\":\"https:\\\/\\\/schema.org\",\"@graph\":[{\"@type\":\"WebPage\",\"@id\":\"http:\\\/\\\/spletin.net\\\/seminar\\\/video-marketing-2011\\\/\",\"url\":\"http:\\\/\\\/spletin.net\\\/seminar\\\/video-marketing-2011\\\/\",\"name\":\"Kratko o seminarju |\",\"isPartOf\":{\"@id\":\"http:\\\/\\\/spletin.net\\\/seminar\\\/#website\"},\"primaryImageOfPage\":{\"@id\":\"http:\\\/\\\/spletin.net\\\/seminar\\\/video-marketing-2011\\\/#primaryimage\"},\"image\":{\"@id\":\"http:\\\/\\\/spletin.net\\\/seminar\\\/video-marketing-2011\\\/#primaryimage\"},\"thumbnailUrl\":\"http:\\\/\\\/spletin.net\\\/seminar\\\/wp-content\\\/uploads\\\/2010\\\/12\\\/sergej-rinc.jpg\",\"datePublished\":\"2010-11-29T14:57:56+00:00\",\"dateModified\":\"2011-10-09T12:31:52+00:00\",\"description\":\"Seminar Video marketing 2011 vam bo odkril skrivnosti optimizacije spletnih strani, njeno uporabo za video marketing in prakti\u010dne primere.\",\"breadcrumb\":{\"@id\":\"http:\\\/\\\/spletin.net\\\/seminar\\\/video-marketing-2011\\\/#breadcrumb\"},\"inLanguage\":\"sl-SI\",\"potentialAction\":[{\"@type\":\"ReadAction\",\"target\":[\"http:\\\/\\\/spletin.net\\\/seminar\\\/video-marketing-2011\\\/\"]}]},{\"@type\":\"ImageObject\",\"inLanguage\":\"sl-SI\",\"@id\":\"http:\\\/\\\/spletin.net\\\/seminar\\\/video-marketing-2011\\\/#primaryimage\",\"url\":\"http:\\\/\\\/spletin.net\\\/seminar\\\/wp-content\\\/uploads\\\/2010\\\/12\\\/sergej-rinc.jpg\",\"contentUrl\":\"http:\\\/\\\/spletin.net\\\/seminar\\\/wp-content\\\/uploads\\\/2010\\\/12\\\/sergej-rinc.jpg\",\"width\":\"172\",\"height\":\"228\"},{\"@type\":\"BreadcrumbList\",\"@id\":\"http:\\\/\\\/spletin.net\\\/seminar\\\/video-marketing-2011\\\/#breadcrumb\",\"itemListElement\":[{\"@type\":\"ListItem\",\"position\":1,\"name\":\"Home\",\"item\":\"http:\\\/\\\/spletin.net\\\/seminar\\\/\"},{\"@type\":\"ListItem\",\"position\":2,\"name\":\"Kratko o seminarju\"}]},{\"@type\":\"WebSite\",\"@id\":\"http:\\\/\\\/spletin.net\\\/seminar\\\/#website\",\"url\":\"http:\\\/\\\/spletin.net\\\/seminar\\\/\",\"name\":\"Seminar Video Marketing 2011\",\"description\":\"Video marketing 2011\",\"publisher\":{\"@id\":\"http:\\\/\\\/spletin.net\\\/seminar\\\/#organization\"},\"potentialAction\":[{\"@type\":\"SearchAction\",\"target\":{\"@type\":\"EntryPoint\",\"urlTemplate\":\"http:\\\/\\\/spletin.net\\\/seminar\\\/?s={search_term_string}\"},\"query-input\":{\"@type\":\"PropertyValueSpecification\",\"valueRequired\":true,\"valueName\":\"search_term_string\"}}],\"inLanguage\":\"sl-SI\"},{\"@type\":\"Organization\",\"@id\":\"http:\\\/\\\/spletin.net\\\/seminar\\\/#organization\",\"name\":\"spletin.net d.o.o.\",\"url\":\"http:\\\/\\\/spletin.net\\\/seminar\\\/\",\"logo\":{\"@type\":\"ImageObject\",\"inLanguage\":\"sl-SI\",\"@id\":\"http:\\\/\\\/spletin.net\\\/seminar\\\/#\\\/schema\\\/logo\\\/image\\\/\",\"url\":\"http:\\\/\\\/spletin.net\\\/seminar\\\/wp-content\\\/uploads\\\/logo-spletin-t.png\",\"contentUrl\":\"http:\\\/\\\/spletin.net\\\/seminar\\\/wp-content\\\/uploads\\\/logo-spletin-t.png\",\"width\":283,\"height\":54,\"caption\":\"spletin.net d.o.o.\"},\"image\":{\"@id\":\"http:\\\/\\\/spletin.net\\\/seminar\\\/#\\\/schema\\\/logo\\\/image\\\/\"}}]}<\/script>\n<!-- \/ Yoast SEO plugin. -->","yoast_head_json":{"title":"Kratko o seminarju |","description":"Seminar Video marketing 2011 vam bo odkril skrivnosti optimizacije spletnih strani, njeno uporabo za video marketing in prakti\u010dne primere.","robots":{"index":"index","follow":"follow","max-snippet":"max-snippet:-1","max-image-preview":"max-image-preview:large","max-video-preview":"max-video-preview:-1"},"canonical":"http:\/\/spletin.net\/seminar\/video-marketing-2011\/","twitter_misc":{"Est. reading time":"1 minuta"},"schema":{"@context":"https:\/\/schema.org","@graph":[{"@type":"WebPage","@id":"http:\/\/spletin.net\/seminar\/video-marketing-2011\/","url":"http:\/\/spletin.net\/seminar\/video-marketing-2011\/","name":"Kratko o seminarju |","isPartOf":{"@id":"http:\/\/spletin.net\/seminar\/#website"},"primaryImageOfPage":{"@id":"http:\/\/spletin.net\/seminar\/video-marketing-2011\/#primaryimage"},"image":{"@id":"http:\/\/spletin.net\/seminar\/video-marketing-2011\/#primaryimage"},"thumbnailUrl":"http:\/\/spletin.net\/seminar\/wp-content\/uploads\/2010\/12\/sergej-rinc.jpg","datePublished":"2010-11-29T14:57:56+00:00","dateModified":"2011-10-09T12:31:52+00:00","description":"Seminar Video marketing 2011 vam bo odkril skrivnosti optimizacije spletnih strani, njeno uporabo za video marketing in prakti\u010dne primere.","breadcrumb":{"@id":"http:\/\/spletin.net\/seminar\/video-marketing-2011\/#breadcrumb"},"inLanguage":"sl-SI","potentialAction":[{"@type":"ReadAction","target":["http:\/\/spletin.net\/seminar\/video-marketing-2011\/"]}]},{"@type":"ImageObject","inLanguage":"sl-SI","@id":"http:\/\/spletin.net\/seminar\/video-marketing-2011\/#primaryimage","url":"http:\/\/spletin.net\/seminar\/wp-content\/uploads\/2010\/12\/sergej-rinc.jpg","contentUrl":"http:\/\/spletin.net\/seminar\/wp-content\/uploads\/2010\/12\/sergej-rinc.jpg","width":"172","height":"228"},{"@type":"BreadcrumbList","@id":"http:\/\/spletin.net\/seminar\/video-marketing-2011\/#breadcrumb","itemListElement":[{"@type":"ListItem","position":1,"name":"Home","item":"http:\/\/spletin.net\/seminar\/"},{"@type":"ListItem","position":2,"name":"Kratko o seminarju"}]},{"@type":"WebSite","@id":"http:\/\/spletin.net\/seminar\/#website","url":"http:\/\/spletin.net\/seminar\/","name":"Seminar Video Marketing 2011","description":"Video marketing 2011","publisher":{"@id":"http:\/\/spletin.net\/seminar\/#organization"},"potentialAction":[{"@type":"SearchAction","target":{"@type":"EntryPoint","urlTemplate":"http:\/\/spletin.net\/seminar\/?s={search_term_string}"},"query-input":{"@type":"PropertyValueSpecification","valueRequired":true,"valueName":"search_term_string"}}],"inLanguage":"sl-SI"},{"@type":"Organization","@id":"http:\/\/spletin.net\/seminar\/#organization","name":"spletin.net d.o.o.","url":"http:\/\/spletin.net\/seminar\/","logo":{"@type":"ImageObject","inLanguage":"sl-SI","@id":"http:\/\/spletin.net\/seminar\/#\/schema\/logo\/image\/","url":"http:\/\/spletin.net\/seminar\/wp-content\/uploads\/logo-spletin-t.png","contentUrl":"http:\/\/spletin.net\/seminar\/wp-content\/uploads\/logo-spletin-t.png","width":283,"height":54,"caption":"spletin.net d.o.o."},"image":{"@id":"http:\/\/spletin.net\/seminar\/#\/schema\/logo\/image\/"}}]}},"_links":{"self":[{"href":"http:\/\/spletin.net\/seminar\/wp-json\/wp\/v2\/pages\/2","targetHints":{"allow":["GET"]}}],"collection":[{"href":"http:\/\/spletin.net\/seminar\/wp-json\/wp\/v2\/pages"}],"about":[{"href":"http:\/\/spletin.net\/seminar\/wp-json\/wp\/v2\/types\/page"}],"author":[{"embeddable":true,"href":"http:\/\/spletin.net\/seminar\/wp-json\/wp\/v2\/users\/1"}],"replies":[{"embeddable":true,"href":"http:\/\/spletin.net\/seminar\/wp-json\/wp\/v2\/comments?post=2"}],"version-history":[{"count":108,"href":"http:\/\/spletin.net\/seminar\/wp-json\/wp\/v2\/pages\/2\/revisions"}],"predecessor-version":[{"id":1118,"href":"http:\/\/spletin.net\/seminar\/wp-json\/wp\/v2\/pages\/2\/revisions\/1118"}],"wp:attachment":[{"href":"http:\/\/spletin.net\/seminar\/wp-json\/wp\/v2\/media?parent=2"}],"curies":[{"name":"wp","href":"https:\/\/api.w.org\/{rel}","templated":true}]}}