{"id":62,"date":"2010-11-30T10:18:25","date_gmt":"2010-11-30T10:18:25","guid":{"rendered":"http:\/\/spletin.net\/seminar"},"modified":"2013-02-10T18:38:36","modified_gmt":"2013-02-10T17:38:36","slug":"video-marketing","status":"publish","type":"page","link":"http:\/\/spletin.net\/seminar\/video-marketing\/","title":{"rendered":"Video marketing"},"content":{"rendered":"<div style=\"margin-left: 3%; margin-right: 3%; text-align: center\">\n<div id=\"evp-6127439741900c3605d755f3ff005898-wrap\" class=\"evp-video-wrap\"><\/div>\n<p><script type=\"text\/javascript\" src=\"http:\/\/predstavitevpodjetja.com\/evp\/framework.php?div_id=evp-6127439741900c3605d755f3ff005898&#038;id=dmlkZW8tbWFya2V0aW5nLm1wNA%3D%3D&#038;v=1360517812\"><\/script><script type=\"text\/javascript\">_evpInit('dmlkZW8tbWFya2V0aW5nLm1wNA==');<\/script><\/div>\n<p><a href='http:\/\/spletin.net\/seminar\/wp-content\/uploads\/video-marketing.pdf'><img loading=\"lazy\" decoding=\"async\" src=\"http:\/\/spletin.net\/seminar\/wp-content\/uploads\/icon-PDF.jpg\" alt=\"\" title=\"video marketing | PDF\" width=\"64\" height=\"64\" class=\"alignleft size-full wp-image-367\" \/><\/a><a href='http:\/\/spletin.net\/seminar\/wp-content\/uploads\/video-marketing.pdf'>Video marketing<\/a> (PDF prezentacije, 3,8 MB)<\/p>\n<h2 style=\"margin-left: 212px; text-decoration: underline; color: blue\"><a href=\"http:\/\/spletin.net\/seminar\" title=\"video marketing\">>>> Cederom in e-te\u010daj <<<<\/a><\/h2>\n<p><br clear=\"all\" \/><\/p>\n<h2>Povezave<\/h2>\n<p><a href=\"http:\/\/www.cisco.com\/en\/US\/solutions\/collateral\/ns341\/ns525\/ns537\/ns705\/ns827\/white_paper_c11-481360_ns827_Networking_Solutions_White_Paper.html\" title=\"Ciscovo poro\u010dilo o trendih omre\u017enega prometa\" target=\"_blank\">Cisco Visual Networking Index: Forecast and Methodology, 2009\u20132014<\/a><br \/>\n<a href=\"http:\/\/www.google.si\/search?q=video+predstavitev&#038;ie=utf-8&#038;oe=utf-8&#038;aq=t&#038;rls=org.mozilla:sl-SI:official&#038;client=firefox-a\" title=\"video o vrstah video predstavitev\" target=\"_blank\">Video predstavitev (iskanje Google)<\/a><br \/>\n<!--a href=\"http:\/\/kodakzi8.com\/en\" title=\"Kodak Zi8\"--><!--Video kamera Kodak Zi8<\/a--><!-- - a ne kupujte, po\u010dakajte na seminar--><br \/>\n<iframe src=\"http:\/\/www.facebook.com\/plugins\/like.php?href=http%3A%2F%2Fspletin.net%2Fseminar%2Foptimizacija-spletnih-strani&amp;layout=standard&amp;show_faces=true&amp;width=450&amp;action=like&amp;colorscheme=light&amp;height=80\" scrolling=\"no\" frameborder=\"0\" style=\"border:none; overflow:hidden; width:450px; height:80px;\" allowTransparency=\"true\"><\/iframe><\/p>\n","protected":false},"excerpt":{"rendered":"<p>Video marketing (PDF prezentacije, 3,8 MB) >>> Cederom in e-te\u010daj<\/p>\n","protected":false},"author":1,"featured_media":0,"parent":0,"menu_order":0,"comment_status":"closed","ping_status":"open","template":"page-prelaunch-wide-header.php","meta":{"site-sidebar-layout":"default","site-content-layout":"","ast-site-content-layout":"default","site-content-style":"default","site-sidebar-style":"default","ast-global-header-display":"","ast-banner-title-visibility":"","ast-main-header-display":"","ast-hfb-above-header-display":"","ast-hfb-below-header-display":"","ast-hfb-mobile-header-display":"","site-post-title":"","ast-breadcrumbs-content":"","ast-featured-img":"","footer-sml-layout":"","ast-disable-related-posts":"","theme-transparent-header-meta":"","adv-header-id-meta":"","stick-header-meta":"","header-above-stick-meta":"","header-main-stick-meta":"","header-below-stick-meta":"","astra-migrate-meta-layouts":"default","ast-page-background-enabled":"default","ast-page-background-meta":{"desktop":{"background-color":"var(--ast-global-color-4)","background-image":"","background-repeat":"repeat","background-position":"center center","background-size":"auto","background-attachment":"scroll","background-type":"","background-media":"","overlay-type":"","overlay-color":"","overlay-opacity":"","overlay-gradient":""},"tablet":{"background-color":"","background-image":"","background-repeat":"repeat","background-position":"center center","background-size":"auto","background-attachment":"scroll","background-type":"","background-media":"","overlay-type":"","overlay-color":"","overlay-opacity":"","overlay-gradient":""},"mobile":{"background-color":"","background-image":"","background-repeat":"repeat","background-position":"center center","background-size":"auto","background-attachment":"scroll","background-type":"","background-media":"","overlay-type":"","overlay-color":"","overlay-opacity":"","overlay-gradient":""}},"ast-content-background-meta":{"desktop":{"background-color":"var(--ast-global-color-5)","background-image":"","background-repeat":"repeat","background-position":"center center","background-size":"auto","background-attachment":"scroll","background-type":"","background-media":"","overlay-type":"","overlay-color":"","overlay-opacity":"","overlay-gradient":""},"tablet":{"background-color":"var(--ast-global-color-5)","background-image":"","background-repeat":"repeat","background-position":"center center","background-size":"auto","background-attachment":"scroll","background-type":"","background-media":"","overlay-type":"","overlay-color":"","overlay-opacity":"","overlay-gradient":""},"mobile":{"background-color":"var(--ast-global-color-5)","background-image":"","background-repeat":"repeat","background-position":"center center","background-size":"auto","background-attachment":"scroll","background-type":"","background-media":"","overlay-type":"","overlay-color":"","overlay-opacity":"","overlay-gradient":""}},"footnotes":""},"class_list":["post-62","page","type-page","status-publish","hentry"],"yoast_head":"<!-- This site is optimized with the Yoast SEO plugin v27.4 - https:\/\/yoast.com\/product\/yoast-seo-wordpress\/ -->\n<title>Video marketing |<\/title>\n<meta name=\"description\" content=\"Video marketing je napredni na\u010din promocije in prodaje v svetovnem spletu. Kako lahko poceni in u\u010dinkovito dobite ve\u010dji ugled in prodajo?\" \/>\n<meta name=\"robots\" content=\"index, follow, max-snippet:-1, max-image-preview:large, max-video-preview:-1\" \/>\n<link rel=\"canonical\" href=\"http:\/\/spletin.net\/seminar\/video-marketing\/\" \/>\n<script type=\"application\/ld+json\" class=\"yoast-schema-graph\">{\"@context\":\"https:\\\/\\\/schema.org\",\"@graph\":[{\"@type\":\"WebPage\",\"@id\":\"http:\\\/\\\/spletin.net\\\/seminar\\\/video-marketing\\\/\",\"url\":\"http:\\\/\\\/spletin.net\\\/seminar\\\/video-marketing\\\/\",\"name\":\"Video marketing |\",\"isPartOf\":{\"@id\":\"http:\\\/\\\/spletin.net\\\/seminar\\\/#website\"},\"primaryImageOfPage\":{\"@id\":\"http:\\\/\\\/spletin.net\\\/seminar\\\/video-marketing\\\/#primaryimage\"},\"image\":{\"@id\":\"http:\\\/\\\/spletin.net\\\/seminar\\\/video-marketing\\\/#primaryimage\"},\"thumbnailUrl\":\"http:\\\/\\\/spletin.net\\\/seminar\\\/wp-content\\\/uploads\\\/icon-PDF.jpg\",\"datePublished\":\"2010-11-30T10:18:25+00:00\",\"dateModified\":\"2013-02-10T17:38:36+00:00\",\"description\":\"Video marketing je napredni na\u010din promocije in prodaje v svetovnem spletu. Kako lahko poceni in u\u010dinkovito dobite ve\u010dji ugled in prodajo?\",\"breadcrumb\":{\"@id\":\"http:\\\/\\\/spletin.net\\\/seminar\\\/video-marketing\\\/#breadcrumb\"},\"inLanguage\":\"sl-SI\",\"potentialAction\":[{\"@type\":\"ReadAction\",\"target\":[\"http:\\\/\\\/spletin.net\\\/seminar\\\/video-marketing\\\/\"]}]},{\"@type\":\"ImageObject\",\"inLanguage\":\"sl-SI\",\"@id\":\"http:\\\/\\\/spletin.net\\\/seminar\\\/video-marketing\\\/#primaryimage\",\"url\":\"http:\\\/\\\/spletin.net\\\/seminar\\\/wp-content\\\/uploads\\\/icon-PDF.jpg\",\"contentUrl\":\"http:\\\/\\\/spletin.net\\\/seminar\\\/wp-content\\\/uploads\\\/icon-PDF.jpg\",\"width\":\"64\",\"height\":\"64\"},{\"@type\":\"BreadcrumbList\",\"@id\":\"http:\\\/\\\/spletin.net\\\/seminar\\\/video-marketing\\\/#breadcrumb\",\"itemListElement\":[{\"@type\":\"ListItem\",\"position\":1,\"name\":\"Home\",\"item\":\"http:\\\/\\\/spletin.net\\\/seminar\\\/\"},{\"@type\":\"ListItem\",\"position\":2,\"name\":\"Video marketing\"}]},{\"@type\":\"WebSite\",\"@id\":\"http:\\\/\\\/spletin.net\\\/seminar\\\/#website\",\"url\":\"http:\\\/\\\/spletin.net\\\/seminar\\\/\",\"name\":\"Seminar Video Marketing 2011\",\"description\":\"Video marketing 2011\",\"publisher\":{\"@id\":\"http:\\\/\\\/spletin.net\\\/seminar\\\/#organization\"},\"potentialAction\":[{\"@type\":\"SearchAction\",\"target\":{\"@type\":\"EntryPoint\",\"urlTemplate\":\"http:\\\/\\\/spletin.net\\\/seminar\\\/?s={search_term_string}\"},\"query-input\":{\"@type\":\"PropertyValueSpecification\",\"valueRequired\":true,\"valueName\":\"search_term_string\"}}],\"inLanguage\":\"sl-SI\"},{\"@type\":\"Organization\",\"@id\":\"http:\\\/\\\/spletin.net\\\/seminar\\\/#organization\",\"name\":\"spletin.net d.o.o.\",\"url\":\"http:\\\/\\\/spletin.net\\\/seminar\\\/\",\"logo\":{\"@type\":\"ImageObject\",\"inLanguage\":\"sl-SI\",\"@id\":\"http:\\\/\\\/spletin.net\\\/seminar\\\/#\\\/schema\\\/logo\\\/image\\\/\",\"url\":\"http:\\\/\\\/spletin.net\\\/seminar\\\/wp-content\\\/uploads\\\/logo-spletin-t.png\",\"contentUrl\":\"http:\\\/\\\/spletin.net\\\/seminar\\\/wp-content\\\/uploads\\\/logo-spletin-t.png\",\"width\":283,\"height\":54,\"caption\":\"spletin.net d.o.o.\"},\"image\":{\"@id\":\"http:\\\/\\\/spletin.net\\\/seminar\\\/#\\\/schema\\\/logo\\\/image\\\/\"}}]}<\/script>\n<!-- \/ Yoast SEO plugin. -->","yoast_head_json":{"title":"Video marketing |","description":"Video marketing je napredni na\u010din promocije in prodaje v svetovnem spletu. Kako lahko poceni in u\u010dinkovito dobite ve\u010dji ugled in prodajo?","robots":{"index":"index","follow":"follow","max-snippet":"max-snippet:-1","max-image-preview":"max-image-preview:large","max-video-preview":"max-video-preview:-1"},"canonical":"http:\/\/spletin.net\/seminar\/video-marketing\/","schema":{"@context":"https:\/\/schema.org","@graph":[{"@type":"WebPage","@id":"http:\/\/spletin.net\/seminar\/video-marketing\/","url":"http:\/\/spletin.net\/seminar\/video-marketing\/","name":"Video marketing |","isPartOf":{"@id":"http:\/\/spletin.net\/seminar\/#website"},"primaryImageOfPage":{"@id":"http:\/\/spletin.net\/seminar\/video-marketing\/#primaryimage"},"image":{"@id":"http:\/\/spletin.net\/seminar\/video-marketing\/#primaryimage"},"thumbnailUrl":"http:\/\/spletin.net\/seminar\/wp-content\/uploads\/icon-PDF.jpg","datePublished":"2010-11-30T10:18:25+00:00","dateModified":"2013-02-10T17:38:36+00:00","description":"Video marketing je napredni na\u010din promocije in prodaje v svetovnem spletu. Kako lahko poceni in u\u010dinkovito dobite ve\u010dji ugled in prodajo?","breadcrumb":{"@id":"http:\/\/spletin.net\/seminar\/video-marketing\/#breadcrumb"},"inLanguage":"sl-SI","potentialAction":[{"@type":"ReadAction","target":["http:\/\/spletin.net\/seminar\/video-marketing\/"]}]},{"@type":"ImageObject","inLanguage":"sl-SI","@id":"http:\/\/spletin.net\/seminar\/video-marketing\/#primaryimage","url":"http:\/\/spletin.net\/seminar\/wp-content\/uploads\/icon-PDF.jpg","contentUrl":"http:\/\/spletin.net\/seminar\/wp-content\/uploads\/icon-PDF.jpg","width":"64","height":"64"},{"@type":"BreadcrumbList","@id":"http:\/\/spletin.net\/seminar\/video-marketing\/#breadcrumb","itemListElement":[{"@type":"ListItem","position":1,"name":"Home","item":"http:\/\/spletin.net\/seminar\/"},{"@type":"ListItem","position":2,"name":"Video marketing"}]},{"@type":"WebSite","@id":"http:\/\/spletin.net\/seminar\/#website","url":"http:\/\/spletin.net\/seminar\/","name":"Seminar Video Marketing 2011","description":"Video marketing 2011","publisher":{"@id":"http:\/\/spletin.net\/seminar\/#organization"},"potentialAction":[{"@type":"SearchAction","target":{"@type":"EntryPoint","urlTemplate":"http:\/\/spletin.net\/seminar\/?s={search_term_string}"},"query-input":{"@type":"PropertyValueSpecification","valueRequired":true,"valueName":"search_term_string"}}],"inLanguage":"sl-SI"},{"@type":"Organization","@id":"http:\/\/spletin.net\/seminar\/#organization","name":"spletin.net d.o.o.","url":"http:\/\/spletin.net\/seminar\/","logo":{"@type":"ImageObject","inLanguage":"sl-SI","@id":"http:\/\/spletin.net\/seminar\/#\/schema\/logo\/image\/","url":"http:\/\/spletin.net\/seminar\/wp-content\/uploads\/logo-spletin-t.png","contentUrl":"http:\/\/spletin.net\/seminar\/wp-content\/uploads\/logo-spletin-t.png","width":283,"height":54,"caption":"spletin.net d.o.o."},"image":{"@id":"http:\/\/spletin.net\/seminar\/#\/schema\/logo\/image\/"}}]}},"_links":{"self":[{"href":"http:\/\/spletin.net\/seminar\/wp-json\/wp\/v2\/pages\/62","targetHints":{"allow":["GET"]}}],"collection":[{"href":"http:\/\/spletin.net\/seminar\/wp-json\/wp\/v2\/pages"}],"about":[{"href":"http:\/\/spletin.net\/seminar\/wp-json\/wp\/v2\/types\/page"}],"author":[{"embeddable":true,"href":"http:\/\/spletin.net\/seminar\/wp-json\/wp\/v2\/users\/1"}],"replies":[{"embeddable":true,"href":"http:\/\/spletin.net\/seminar\/wp-json\/wp\/v2\/comments?post=62"}],"version-history":[{"count":31,"href":"http:\/\/spletin.net\/seminar\/wp-json\/wp\/v2\/pages\/62\/revisions"}],"predecessor-version":[{"id":1148,"href":"http:\/\/spletin.net\/seminar\/wp-json\/wp\/v2\/pages\/62\/revisions\/1148"}],"wp:attachment":[{"href":"http:\/\/spletin.net\/seminar\/wp-json\/wp\/v2\/media?parent=62"}],"curies":[{"name":"wp","href":"https:\/\/api.w.org\/{rel}","templated":true}]}}